 factor of o and j.
57
Let v = -4380 + 4803. Calculate the highest common divisor of 189 and v.
9
Suppose -1606 = -37*p + 59. Let t be (-1)/((-3)/6) + 13. Calculate the highest common divisor of p and t.
15
Let w = -1832 - -2072. What is the greatest common divisor of w and 84?
12
Let v = -44 + 44. Let m(p) = 2*p - 49. Let k be m(v). Let t = k + 56. What is the greatest common factor of 28 and t?
7
Let b(g) = g**3 - 7*g**2 + 5*g + 11. Let o be b(5). Let m = 17 + o. Let q be (-2 - -1)*m + 33. What is the highest common divisor of q and 6?
6
Suppose 0 = -5*h - o + 27554, -105*h = -109*h + 3*o + 22028. Calculate the highest common factor of 58 and h.
58
Let z be (-1 + -1)*(-2)/4 + 14. Let l(p) = 22*p**2 + p - 1. Let w be l(-1). Calculate the greatest common divisor of z and w.
5
Let z(s) = 8*s - 6. Let t be z(3). Suppose 2*h - 78 = -t. Let b be (-1 - (-4)/6)/(4/(-60)). What is the highest common divisor of b and h?
5
Let t = 504 - 505. Let s be -5 + (17 - 9) - (-284 - t). What is the greatest common factor of s and 39?
13
Let u = 5 + -3. Let r = 8 - u. Suppose d = r*d - 5, -d = 3*k - 79. What is the greatest common factor of k and 104?
26
Let v(u) = -12*u**2 + 9*u + 2. Let g be v(-8). Let q = -583 - g. Suppose 3*j + 18 - 171 = 0. Calculate the greatest common divisor of j and q.
51
Let w(o) = 4*o - 6. Let g be w(2). Let f(b) = 8*b - 138. Let y be f(25). Calculate the highest common divisor of g and y.
2
Let s be 910/45 + -4 - 2/9. Suppose -7*h + s*h - 900 = 0. Suppose l = 5*l - 2*z - 80, 4*z = 5*l - h. Calculate the greatest common factor of 5 and l.
5
Suppose 278*n - 8187 = 21837. Calculate the greatest common divisor of n and 124.
4
Suppose 13*y - 7919 = -1341. What is the highest common divisor of y and 88?
22
Let z(h) = -h**3 - 15*h**2 + 72*h + 128. Let c be z(-19). Calculate the greatest common divisor of c and 3621.
51
Suppose 0 = -5*o + 8*o. Suppose o = 5*j - 0*j - 10. Let q(s) = s + 7. Let v be q(j). Calculate the highest common divisor of v and 90.
9
Suppose 14721*f - 14748*f = -63693. What is the highest common divisor of 14 and f?
7
Let t = 96 - 89. Let d be (t - 12) + -2 + 41. Calculate the highest common divisor of d and 34.
34
Let n be 4/10 - (-18892)/20. Let z be (-10)/(450/(-1545)) - (-2)/3. Calculate the greatest common factor of n and z.
35
Suppose 130 - 420 = -29*w + 174. Calculate the greatest common factor of 10352 and w.
16
Suppose -2041 = -k - z, -k + 874 = -2*z - 1143. Calculate the greatest common factor of 171 and k.
19
Suppose 0*h - 3 = -h. Let m(g) = -2*g**3 + 20*g**2 - 25*g + 25. Let d be m(8). What is the highest common divisor of d and h?
3
Let l(w) be the first derivative of 26 - 6*w + 1/2*w**2. Let r be l(7). What is the highest common factor of 4 and r?
1
Suppose 29*b - 43585 + 14179 = 0. Suppose -b = -27*n + 24*n. What is the highest common factor of 26 and n?
26
Let d(o) = o**3 + 36*o**2 + 193*o - 42. Let z be d(-7). What is the greatest common factor of 2863 and z?
7
Let p = -49 - -51. Let b(o) = o**3 - 300*o + 152*o - 3*o**p + 149*o. Let w be b(4). What is the greatest common divisor of 160 and w?
20
Suppose j + 835 = 4*f, 628 = -0*f + 3*f + j. Calculate the greatest common divisor of 171 and f.
19
Let c = 10223 - 10199. What is the highest common divisor of 1128 and c?
24
Suppose 0 = -3*k - t + 296, -89*k = -92*k + 5*t + 302. What is the highest common divisor of k and 627?
33
Suppose 3*h = -4*r + 4, r = h + 3*h + 1. Suppose 0 = p + 2*i, i + r = 3*p - 6. Calculate the greatest common factor of p and 7.
1
Let d be (-4)/30 + 73885/75. What is the highest common factor of d and 10?
5
Suppose 0 = -43*c + 567 + 723. Calculate the greatest common divisor of 99 and c.
3
Suppose -129 = -4*p - 13. Suppose -p - 25 = -3*b. Let j be -54*(129/(-9) + 11). Calculate the greatest common factor of b and j.
18
Suppose -19*p = -8*p - 297. Suppose -5*b - 4*z = 36 - 165, z - 54 = -2*b. Suppose p*l = b*l - 2. What is the greatest common divisor of l and 1?
1
Let o(s) = -s**3 - 3*s**2 + 3*s + 6. Suppose -3*p = -5 - 4. Suppose p*i - 18 = -30. Let u be o(i). What is the highest common divisor of 15 and u?
5
Let x(c) = 6*c**2 - 13*c + 30. Let o be x(2). What is the highest common factor of 427 and o?
7
Let y(c) = -825*c**3 - 58*c**2 + 2*c + 36. Let m be y(-4). What is the greatest common factor of 300 and m?
300
Let x = -1935 + 1944. What is the highest common factor of x and 69?
3
Let d(k) be the first derivative of 11*k**2/2 + 8*k + 16. Let u = 6 + -1. Let f be d(u). What is the greatest common factor of 21 and f?
21
Let s = -29114 - -30999. What is the highest common factor of s and 195?
65
Let r(q) = 67*q**2 - 637*q + 4. Let n be r(-5). What is the highest common factor of 266 and n?
38
Let a = 44880 + -44820. What is the highest common divisor of 6105 and a?
15
Let t(g) = g**2 - 43*g + 29. Let w be t(43). What is the greatest common factor of 29 and w?
29
Suppose -5*q + z + 2130 = 0, z - 1747 = -5*q + 393. Let j be (-22*(-8)/(-704))/(2/(-488)). What is the greatest common factor of j and q?
61
Suppose 7215*u - 7203*u = 624. What is the greatest common factor of 36 and u?
4
Suppose 0 = 3*o - o - 128. Suppose -255591*r = -255601*r + 2880. What is the greatest common divisor of o and r?
32
Let w = -4150 - -4165. Let j = 46 + -26. Calculate the highest common factor of w and j.
5
Let l = 3438 - 2190. Calculate the highest common divisor of l and 78.
78
Suppose r + 361 - 1953 = -3*i, 0 = 3*r + 12. What is the highest common divisor of i and 364?
28
Let g = 2 + 2. Suppose -g*h = -6*h + 16. Let o be h/40 - (0 + 88/(-10)). Calculate the greatest common factor of o and 18.
9
Suppose -c + 5*h = -54, 0 = 4*c - 2*c - 2*h - 124. Let n(b) = -b**3 + b**2 + 10*b + 80. Let a be n(0). Calculate the highest common divisor of a and c.
16
Let i be (4/16)/((-5)/20) + 497. What is the highest common factor of 48 and i?
16
Let q(g) = 5*g - 68. Let o be q(12). Let h be 66/o*(-5 - (-11)/3). Suppose 6*p - p - 50 = 5*b, 0 = 2*b - 2. What is the highest common divisor of p and h?
11
Suppose i - 7 = -v + 4*i, -3*v = 4*i - 34. Let n be 3/(-2)*v/(-3). Let a be (-2 - (-6 - -1))/(4/(-280)*-6). What is the highest common divisor of n and a?
5
Let y be 2/(-6)*0*(-5 - -6). Suppose y*n - 120 = -10*n. Let c = n - 11. What is the greatest common divisor of 13 and c?
1
Suppose 57*o = -241482 + 2352534. What is the greatest common divisor of o and 188?
188
Suppose 9*t - 4*t + 52 = 2*n, -2*n + 40 = -2*t. Let r be 169/3 - n/12. Calculate the greatest common factor of r and 880.
55
Let i(q) = 2*q**3 + 7*q**2 - 7*q - 9. Let m be i(-8). Let g = m - -531. Calculate the highest common divisor of 16 and g.
2
Suppose -5*b - 2*c - 101 + 1220 = 0, 3*c = 3*b - 684. Calculate the greatest common factor of b and 25.
25
Let v = -70009 - -70191. Let u be 103/4 + 2/8. What is the highest common divisor of v and u?
26
Let a be 1/((-164)/(-162) - 1). Suppose -43*m + 19 + 136 = 26. What is the greatest common factor of m and a?
3
Let y(j) be the third derivative of j**6/120 - 2*j**5/15 - j**4/24 + 7*j**3/3 - 8*j**2 + 13. Let b be y(8). Calculate the highest common divisor of 366 and b.
6
Let q(a) = -2*a**2 - 61*a - 443. Let h be q(-15). Calculate the highest common divisor of 1199 and h.
11
Let p be -3 - -2*10/4. Let q be (p - (-2 + 1)) + 284. Suppose -22*x + 451 = -11*x. Calculate the greatest common factor of q and x.
41
Let d(n) = -n + 12. Let l be d(0). Suppose c - 15 + l = 0. Suppose -5*t - 157 = -h + 144, c*t + 891 = 3*h. What is the greatest common factor of 37 and h?
37
Suppose -4*t - 5 = -3*t, 5*n = t + 480. Suppose -92*l - 528 = -n*l. Calculate the greatest common factor of l and 16.
16
Suppose 0 = 5*b + b - 18. Suppose -3*w + b*k = -666, -2*w + 6*w - 886 = 5*k. Let q be w/10 + (-28)/70. Calculate the greatest common divisor of q and 55.
11
Suppose 11*x = 34*x - 410 - 50. What is the greatest common factor of 104 and x?
4
Suppose 185*a - 29 = 184*a. Suppose -28*q = -a*q + 16. What is the greatest common factor of 36 and q?
4
Let r be 9/(-1*(0 + (-2)/26)). Suppose 46*c + 24 = 50*c. What is the highest common factor of c and r?
3
Let j be (2 + 273)/(-5)*(-3)/5. Suppose 0 = 4*q + x - 127, -4*x = -q + 20 + j. What is the highest common divisor of 11 and q?
11
Let m be (28/10)/(2